z**3 + 3. What is the units digit of p(-6)?
1
What is the tens digit of ((-17)/(-4))/((-2)/(-8))?
1
Let j = 37 + -22. Suppose 3*v + j = 36. What is the units digit of v?
7
Let o(y) be the third derivative of 2*y**4/3 + 4*y**2. What is the units digit of o(1)?
6
Suppose 0 = n + 4*c - 3, 24 - 4 = -4*c. What is the tens digit of (n*(3 - 1))/2?
2
Let y be (-2)/(-1 - (-3)/2). Let i(o) = -3*o**2 + 5*o + 6. Let d(v) = -v**2 + 3*v + 3. Let b(m) = -5*d(m) + 2*i(m). What is the units digit of b(y)?
1
Let a(z) = 3 + 5*z**2 + 2*z + 6*z - 7*z. What is the units digit of a(-2)?
1
Let f = -17 + 321. What is the hundreds digit of f?
3
Suppose 2*u - 295 = c, 1 - 2 = -c. What is the hundreds digit of u?
1
What is the tens digit of (-160)/(-6)*(-2 + (-50)/(-4))?
8
Let d(r) = r + 7. Let i be d(-3). Suppose -1 = i*m - 5*m. Let h = 2 - m. What is the units digit of h?
1
Let b(d) = -5*d**2 - 4*d + 4. Let j(z) = -4*z**2 - 4*z + 4. Let f(g) = 3*b(g) - 4*j(g). What is the units digit of f(-6)?
8
Let l(p) = 3*p**2 - 7*p - 19. Let g(j) = -2*j**2 + 3*j + 10. Let x(b) = -5*g(b) - 3*l(b). What is the units digit of x(-6)?
7
Let n = -57 + 114. What is the tens digit of n?
5
Let r(d) = 5*d**2 + 17*d - 10. Let t(b) = -3*b**2 - 11*b + 7. Let a(o) = 5*r(o) + 8*t(o). What is the tens digit of a(-4)?
3
Let m = 287 + -149. What is the units digit of m?
8
What is the tens digit of (4/(-6))/(44/(-5874))?
8
Let k(x) = 3*x - 4. Let a be k(3). Suppose -6*v = -v - a. What is the units digit of 1 + -2 - (-10 + v)?
8
Let w = -8 - -37. Suppose 0 = -i + 5*b - w, 5*b = -3*i + 8 + 5. What is the units digit of (2 + (i - -1))*-6?
6
Let j(d) = d**2 + 7*d - 5. Let x be j(-5). What is the tens digit of (9/x)/(2/(-70))?
2
Suppose -41 + 236 = 3*u. What is the units digit of u?
5
Let k = 5 + 5. What is the units digit of 452/k + 2/(-10)?
5
Let q(n) = -3 - 7*n + 7*n - n - 1. Let o be q(-3). What is the units digit of (-1 - 0)*o*8?
8
Suppose 2*n - 60 = -5*y, 3*n + 0 = 3*y - 15. Let f be -2 - 2 - (-12)/3. Suppose -5*p + 0*p + y = f. What is the units digit of p?
2
Suppose 0 = s + 2*s - 3*v + 30, -34 = 2*s + 5*v. Let n = -6 - s. What is the units digit of n?
6
Let h(n) be the third derivative of 0*n + 4*n**2 + 0 + 2/3*n**3 + 1/24*n**4. What is the units digit of h(0)?
4
Let s(q) = q**3 + 4*q**2 - 3*q - 2. Let w be s(3). Suppose 4*a + 4 = w. What is the units digit of a?
2
Suppose -37 = -2*l + 21. What is the tens digit of l?
2
Let r be 2*(333/2)/3. Let s be (-1)/5 - r/(-5). Suppose -f - f = -s. What is the units digit of f?
1
Suppose 3*b - r = -4*r + 27, 2*b = 2*r - 2. Suppose b = -2*h - 0*h. What is the units digit of (4/h)/2 + 15?
4
Let g = 165 - 71. What is the units digit of g?
4
Let q = -1 - -6. Suppose 42 = q*n - 3. What is the units digit of n?
9
Let x(n) = 32*n**2 - n - 1. What is the hundreds digit of x(2)?
1
Let p(h) = h**2 - 5. Let d be p(0). Let y = -3 - d. Suppose 0*w + 10 = y*w. What is the units digit of w?
5
Suppose 2*q + 0*f = f + 6, 4*f - 1 = 3*q. What is the units digit of q?
5
Let k = -62 + -18. Let r = -45 - k. What is the tens digit of r?
3
Let h(l) = l**2 + 8*l - 7. Let j be h(-9). Suppose -j*b - 55 = -3*x, -2*x = -0*x + b - 32. What is the units digit of x?
7
Suppose -4*o + 292 = 5*n, -4*n + 4*o + 238 = 5*o. What is the tens digit of n?
6
Suppose -22 = 2*o - 134. Suppose 5*j = i + 115, -74 = -5*j - 2*i + o. What is the units digit of j?
4
Suppose 15*s = 14*s + 3. What is the units digit of s?
3
Suppose -4*h = h - 15. What is the units digit of h?
3
Let p(n) = -3*n**2 - 2*n - 19. Let k(q) = -q**2 - q - 6. Let o(s) = 8*k(s) - 3*p(s). What is the units digit of o(6)?
3
Let q(i) = i**2 - 11*i + 12. Let n be 13 - 2/((-6)/(-9)). Let j be q(n). Let b(r) = 10*r - 2. What is the units digit of b(j)?
8
Suppose 5*f - 11 = 189. Suppose 3*a = 2*s + a - f, s + 2*a - 26 = 0. What is the units digit of s?
2
Suppose 2*v + 11 = 55. What is the units digit of v?
2
Let c be 4 - (-2 + 3/3). Let y(g) = g**2 + g + 7. What is the units digit of y(c)?
7
Let l(t) = 5 - 3*t + 2*t + 2*t. What is the units digit of l(-4)?
1
Let i = -12 + 12. Suppose -4*u + 3 + 33 = i. What is the units digit of u?
9
Let l = 0 - -1. Let u be 0 - 1 - -3*l. What is the units digit of 60/14 - u/7?
4
Let l(y) = y**2 + 3. Let x be l(0). Let v be 11/x + (-1)/(-3). Suppose v*w - w = 24. What is the units digit of w?
8
Suppose m = 5*m - 232. Let h = m - 31. What is the tens digit of h?
2
Let x(z) = z**2 + 35. What is the units digit of x(-15)?
0
Suppose -614 = -5*l - 4. What is the units digit of l?
2
Let a be ((-4)/6)/(2/(-9)). Suppose -a*d = 2*d - 25. What is the units digit of d?
5
Let l(s) = -s**3 + 18*s**2 - 23*s + 15. What is the units digit of l(16)?
9
Suppose 3*b = -0*b. Suppose 0*s - 2*s = b. Suppose s = p + 3*p - 36. What is the units digit of p?
9
Let q = -20 - -42. What is the tens digit of q?
2
Suppose -3*u + 9 = n, 6*n + 2*u = 2*n + 76. What is the tens digit of n?
2
Let u(h) = -h**2 + 8*h - 9. Let b be u(6). Let c be ((-38)/(-4) + b)*2. Suppose -3*x - 3*n = -45, -2*x + 0*x = -3*n - c. What is the units digit of x?
4
Let q = -6 - -20. What is the tens digit of q?
1
Let h = -47 + 68. Suppose 3*l + h = 5*b - 13, l = -3. What is the units digit of b?
5
Let a(h) = -h**2 + 6*h - 2. Let o be a(6). What is the tens digit of o/(-7) - (-75)/7?
1
Let p(v) = v**2 - 9*v + 14. What is the units digit of p(13)?
6
Let p(b) = -b**2 - 14*b - 10. What is the tens digit of p(-9)?
3
Let g = -12 - -40. What is the units digit of g?
8
Let c(w) = w - 12. Let k be c(15). What is the units digit of 21 + k*(-4)/(-6)?
3
Let t be (-1)/2 + (-51)/(-6). Suppose -5*b + t*g + 15 = 3*g, -3*b = 5*g - 25. Suppose -25 = -b*i - 0*o - o, 0 = 3*i + 3*o - 3. What is the units digit of i?
6
Let a = 12 - 7. Suppose l = f + 3*l - a, -3*f = -5*l - 15. What is the units digit of f?
5
Let m(b) = b**3 + b**2 + b + 19. What is the tens digit of m(5)?
7
Let k(b) = -5*b + 1. Let l be k(-1). Suppose -5*a = -2*a - l. Suppose -3*g + 7 = 4*u, g + 0*u - a*u = 9. What is the units digit of g?
5
Let d = 84 + -42. What is the units digit of d?
2
Let l(z) = -29*z - 4. What is the units digit of l(-2)?
4
Let m = -3 + 5. Suppose -m*j = 2*j - 8. What is the units digit of j?
2
Let b(j) be the third derivative of -j**4/24 + j**3/6 - j**2. Let h be b(4). Let y(k) = -2*k - 3. What is the units digit of y(h)?
3
Let b = 261 + -5. What is the tens digit of b?
5
Suppose 10 = g - 2*r - 25, 5*g = -3*r + 136. What is the tens digit of g?
2
What is the tens digit of -4 + (192/(-4))/(-3)?
1
Suppose -5*j = -18 + 8. Let z(m) = -m**3 + 10*m**2 + 5. Let x be z(10). Suppose -j*g = -x - 5. What is the units digit of g?
5
Suppose -5 = -2*k + 5*r, 0 = -7*k + 2*k - 5*r + 65. What is the units digit of k?
0
Let o = 1 - 3. What is the units digit of (o/(-3))/(1/12)?
8
Let w(g) = 2*g**2 - g + 2. What is the tens digit of w(-4)?
3
Let m = 13 + -21. Let i be (2 + m)/(-3)*5. Let w = i + -4. What is the units digit of w?
6
Let g(o) = 2*o**2 - 14*o + 16. What is the tens digit of g(9)?
5
Let r = 3 - 4. What is the units digit of r + 1 + 8/2?
4
Let q be (-774)/(-39) + 2/13. Suppose -c + 4 = -8. Let d = q - c. What is the units digit of d?
8
Let t(z) = -z**2 + 22*z + 25. What is the units digit of t(12)?
5
Let b(u) = -u - 1. Let x be b(-3). Let a be 5/x - (-2)/(-4). Suppose 9 = h - a*t - 1, 4*h - 5*t = 52. What is the tens digit of h?
1
Let o be (13 + 0)/(-3 + 4). Let w = 25 - o. What is the units digit of w?
2
Let j(r) = -r**2 - 9*r - 9. Let h be j(-6). Suppose h = 3*l, -4*y + l + 27 = -y. Suppose -5*s + y = -5. What is the units digit of s?
3
What is the units digit of 1*(2 + (0 - -63))?
5
Suppose 3*s - s = 0. Suppose -3*m + 6 = -s*m. Suppose -r - 6 = -m*r. What is the units digit of r?
6
Suppose -3*s + 155 = 2*s. Let w = s + -22. What is the units digit of w?
9
Let i = -3 + 6. Suppose -3*v + 2 = -8*v + w, 9 = i*v - 4*w. What is the units digit of -5*(0 + 1)/v?
5
Let q = -1 - -3. Suppose -a - 15 = q*a, 7 = 3*n + a. Suppose f = 4 + n. What is the units digit of f?
8
Suppose -3*k + 58 = -4*i, 0 = 3*k + 2*i - 7*i - 59. Let y = k + -12. What is the units digit of y*(-8)/(-6)*1?
8
Let g(r) = r**2 - 8*r + 12. Let y be g(6). What is the units digit of (y/(-1) + -3)*-3?
9
Suppose s - 6 = -2*q - 27, 5*q = 2*s + 78.